{"id":1177,"date":"2013-02-06T10:12:26","date_gmt":"2013-02-06T12:12:26","guid":{"rendered":"http:\/\/www.farfilho.com.br\/site\/?page_id=1177"},"modified":"2013-02-18T16:35:21","modified_gmt":"2013-02-18T19:35:21","slug":"videos","status":"publish","type":"page","link":"http:\/\/www.farfilho.com.br\/site\/?page_id=1177","title":{"rendered":"V\u00eddeos"},"content":{"rendered":"<p>&nbsp;<\/p>\n<p style=\"text-align: justify;\">Para acessar os v\u00eddeos, selecione alguma das duas categorias de v\u00eddeo no menu superior, ou clique nos links abaixo:<\/p>\n<ul style=\"text-align: justify;\">\n<li><span style=\"color: #000000;\"><strong><a href=\"http:\/\/www.farfilho.com.br\/site\/videos\/aulasunisanta\/\" target=\"_blank\"><span style=\"color: #000000;\">Aulas de P\u00f3s-Gradua\u00e7\u00e3o na UNISANTA<\/span><\/a><\/strong><\/span><\/li>\n<\/ul>\n<div>\n<ul>\n<li style=\"text-align: justify;\"><span style=\"color: #000000;\"><strong><a href=\" http:\/\/www.farfilho.com.br\/site\/videos\/gerais\/ \" target=\"_blank\"><span style=\"color: #000000;\">V\u00eddeos Gerais\u00a0<em>(Entrevista para a Rede Globo, Tese de Doutorado, Apresenta\u00e7\u00e3o no STPC 2012)<\/em><\/span><\/a><\/strong><\/span><\/li>\n<\/ul>\n<div style=\"text-align: justify;\">\n<ul>\n<li><span style=\"color: #000000;\"><a title=\"Institucional\" href=\"http:\/\/www.farfilho.com.br\/site\/videos\/institucional\/\" target=\"_blank\"><span style=\"color: #000000;\"><strong>Institucional<\/strong><\/span><\/a><\/span><\/li>\n<\/ul>\n<\/div>\n<\/div>\n","protected":false},"excerpt":{"rendered":"<p>&nbsp; Para acessar os v\u00eddeos, selecione alguma das duas categorias de v\u00eddeo no menu superior, ou clique nos links abaixo: Aulas de P\u00f3s-Gradua\u00e7\u00e3o na UNISANTA V\u00eddeos Gerais\u00a0(Entrevista para a Rede Globo, Tese de Doutorado, Apresenta\u00e7\u00e3o no STPC 2012) Institucional<\/p>\n","protected":false},"author":1,"featured_media":0,"parent":0,"menu_order":0,"comment_status":"closed","ping_status":"closed","template":"page-full.php","meta":{"footnotes":""},"_links":{"self":[{"href":"http:\/\/www.farfilho.com.br\/site\/index.php?rest_route=\/wp\/v2\/pages\/1177"}],"collection":[{"href":"http:\/\/www.farfilho.com.br\/site\/index.php?rest_route=\/wp\/v2\/pages"}],"about":[{"href":"http:\/\/www.farfilho.com.br\/site\/index.php?rest_route=\/wp\/v2\/types\/page"}],"author":[{"embeddable":true,"href":"http:\/\/www.farfilho.com.br\/site\/index.php?rest_route=\/wp\/v2\/users\/1"}],"replies":[{"embeddable":true,"href":"http:\/\/www.farfilho.com.br\/site\/index.php?rest_route=%2Fwp%2Fv2%2Fcomments&post=1177"}],"version-history":[{"count":9,"href":"http:\/\/www.farfilho.com.br\/site\/index.php?rest_route=\/wp\/v2\/pages\/1177\/revisions"}],"predecessor-version":[{"id":1181,"href":"http:\/\/www.farfilho.com.br\/site\/index.php?rest_route=\/wp\/v2\/pages\/1177\/revisions\/1181"}],"wp:attachment":[{"href":"http:\/\/www.farfilho.com.br\/site\/index.php?rest_route=%2Fwp%2Fv2%2Fmedia&parent=1177"}],"curies":[{"name":"wp","href":"https:\/\/api.w.org\/{rel}","templated":true}]}}